mon divisor of 12286800 and 5200?
400
Calculate the highest common factor of 2214660 and 1932.
84
What is the greatest common factor of 11208691 and 975?
13
Calculate the highest common divisor of 50462 and 7091008.
2194
Calculate the highest common factor of 78 and 99816457.
13
Calculate the greatest common divisor of 583 and 371459.
11
Calculate the highest common factor of 700389115 and 52535.
7505
Calculate the highest common divisor of 5344 and 890294368.
5344
What is the greatest common divisor of 53436768 and 336?
336
Calculate the highest common factor of 192 and 298064.
16
What is the greatest common divisor of 64 and 128287904?
32
What is the highest common divisor of 15713 and 4749461?
827
Calculate the highest common divisor of 22056 and 408317214.
5514
What is the highest common factor of 35998 and 34071?
41
What is the highest common factor of 3052 and 903455?
7
Calculate the highest common divisor of 312188 and 3273383.
4591
Calculate the highest common divisor of 48 and 2802750.
6
What is the highest common factor of 33 and 31630764?
33
Calculate the highest common divisor of 1869630 and 1365.
105
Calculate the highest common divisor of 35 and 7515645.
5
What is the greatest common factor of 143 and 34321469?
13
Calculate the highest common divisor of 809963 and 352.
11
Calculate the greatest common divisor of 474369 and 2352.
147
What is the greatest common factor of 5468085 and 36?
9
Calculate the greatest common divisor of 170274000 and 663.
39
What is the highest common factor of 85602 and 572352?
66
Calculate the highest common divisor of 623098652 and 6039.
671
What is the greatest common factor of 138054 and 50100454?
6574
Calculate the highest common divisor of 276103 and 155531.
43
Calculate the highest common factor of 2516 and 6483732.
2516
Calculate the highest common factor of 20557934 and 47484.
2638
Calculate the highest common factor of 36852 and 8964.
996
Calculate the highest common factor of 62608 and 2229851.
559
Calculate the greatest common factor of 13045 and 40760407.
2609
Calculate the greatest common factor of 149724 and 36180.
36
Calculate the greatest common factor of 35917736 and 51.
17
What is the greatest common divisor of 1388 and 24643246?
694
What is the highest common divisor of 15064663 and 817?
817
Calculate the highest common factor of 256182556 and 7.
7
Calculate the highest common factor of 25965247 and 8107.
737
What is the highest common divisor of 572656 and 2576?
112
Calculate the greatest common divisor of 23079513 and 3585.
717
Calculate the greatest common divisor of 392598 and 9612.
18
Calculate the highest common divisor of 92 and 11890379.
23
Calculate the highest common divisor of 2323 and 67781.
23
Calculate the highest common divisor of 1432902 and 32469.
237
What is the greatest common divisor of 1852689 and 21451?
1129
Calculate the highest common divisor of 20 and 300153812.
4
What is the highest common factor of 198688 and 49466216?
7096
What is the highest common factor of 6609 and 511666577?
2203
What is the greatest common divisor of 2268 and 2153340?
252
What is the highest common factor of 2936 and 123013262?
734
Calculate the greatest common factor of 5864085 and 3624.
453
What is the highest common factor of 1011293 and 2385?
53
What is the highest common divisor of 3265 and 187028995?
3265
Calculate the highest common divisor of 90558 and 22.
2
Calculate the greatest common factor of 20422848 and 257856.
3264
What is the greatest common divisor of 687310 and 1015495?
1105
What is the greatest common divisor of 23 and 391801?
1
Calculate the greatest common factor of 729525 and 4899.
213
Calculate the greatest common factor of 1806 and 78606150.
1806
What is the highest common factor of 312 and 510857607?
39
What is the greatest common factor of 384167537 and 4892?
1223
Calculate the highest common factor of 11 and 21682760.
11
Calculate the greatest common factor of 1325447 and 7003.
47
Calculate the greatest common divisor of 1862271 and 33615.
6723
What is the greatest common factor of 1965479 and 27527565?
10859
What is the highest common divisor of 102000 and 2134996?
68
Calculate the greatest common factor of 90 and 14906196.
18
What is the greatest common divisor of 616 and 318811262?
154
Calculate the highest common factor of 14206670 and 260.
10
Calculate the highest common factor of 36 and 894468.
12
Calculate the highest common factor of 10934660 and 230.
230
Calculate the greatest common factor of 273860 and 1920.
20
Calculate the greatest common factor of 31032 and 35520003.
3879
Calculate the greatest common factor of 1097470 and 63283.
121
What is the highest common divisor of 15355872 and 182?
14
What is the highest common divisor of 52515 and 864000?
135
Calculate the highest common factor of 882 and 64760409.
441
Calculate the greatest common factor of 118450 and 11200.
50
Calculate the highest common divisor of 343 and 146237609.
49
What is the highest common factor of 204 and 741234?
102
What is the greatest common divisor of 1020576 and 75168?
96
What is the greatest common divisor of 286 and 493152?
22
What is the highest common divisor of 85440 and 404160?
960
What is the greatest common divisor of 4502586 and 9537?
561
What is the highest common factor of 11770 and 47630?
110
Calculate the highest common divisor of 2868831 and 1833993.
2709
Calculate the highest common factor of 30 and 113530290.
30
Calculate the greatest common factor of 1432 and 82940724.
716
Calculate the highest common factor of 3184 and 847504.
16
What is the highest common divisor of 74020 and 4850?
10
What is the greatest common divisor of 94726248 and 7353?
2451
Calculate the highest common factor of 1004007521 and 10054.
5027
Calculate the highest common divisor of 548880 and 6315.
15
Calculate the highest common divisor of 182024 and 191784.
488
Calculate the highest common factor of 46740090 and 150.
30
Calculate the greatest common factor of 2 and 23356298.
2
What is the highest common factor of 26907489 and 18?
9
Calculate the greatest common divisor of 9747231 and 7032.
879
What is the highest common factor of 3145773 and 14880420?
13053
Calculate the highest common factor of 106599429 and 16736.
523
What is the greatest common factor of 7968 and 51781542?
498
Calculate the highest common factor of 442 and 598451.
17
Calculate the greatest common divisor of 34613777 and 88.
11
Calculate the highest common divisor of 1100441175 and 3533.
3533
Calculate the greatest common factor of 1364 and 496248.
124
What is the greatest common divisor of 44257600 and 24278?
398
Calculate the greatest common divisor of 27872612 and 568.
284
Calculate the highest common factor of 22894555 and 640.
5
What is the greatest common factor of 100323 and 3112569?
639
Calculate the greatest common factor of 2802 and 205456650.
2802
Calculate the highest common factor of 308350 and 5470129.
6167
What is the greatest common divisor of 36929613 and 84?
21
Calculate the greatest common factor of 16751001 and 697.
697
What is the highest common divisor of 12801090 and 2597?
53
What is the greatest common divisor of 170 and 12063795?
85
What is the highest common factor of 5928 and 8782560?
456
Calculate the greatest common divisor of 13075105 and 10045.
205
What is the greatest common factor of 1824537 and 432861?
429
Calculate the greatest common factor of 100716 and 1906212.
924
Calculate the greatest common factor of 31347404 and 29020.
5804
Calculate the greatest common factor of 245388122 and 14.
14
What is the highest common factor of 182945 and 26915?
35
What is the highest common divisor of 6072885 and 19110?
1365
Calculate the highest common factor of 705996278 and 26.
26
What is the greatest common divisor of 1054480686 and 1961?
1961
Calculate the greatest common divisor of 6195947 and 184.
23
What is the greatest common factor of 2058 and 130623318?
2058
What is the greatest common divisor of 22504328 and 11968?
1496
What is the highest common divisor of 5490619 and 2319?
773
What is the greatest common divisor of 117 and 24909516?
9
What is the highest common factor of 81459629 and 23?
23
What is the greatest common divisor of 5275131 and 225?
3
Calculate the highest commo